p - 28. Give i(8).
-4
Let g(b) = b**3 - 17*b**2 - 40*b + 43. Give g(19).
5
Let d(r) = r**3 - 21*r**2 - 23*r + 40. Calculate d(22).
18
Let n(s) = s**3 - 8*s**2 + 3*s - 7. Give n(8).
17
Let b(j) = -j**3 + 15*j**2 - 28*j + 19. Calculate b(13).
-7
Let i(c) = -6*c + 35. Determine i(6).
-1
Let h(r) = r**2 - 15*r - 15. Determine h(16).
1
Let g(k) = k - 15. Give g(15).
0
Let r(t) = 3*t**2 + 3*t + 2. Give r(-3).
20
Let i(y) = -2*y**2 + y + 2. What is i(4)?
-26
Let p(r) = -r**2 + 12*r - 28. Give p(9).
-1
Let s(o) = 5*o + 19. Determine s(-6).
-11
Let g(r) = -6*r + 36. Determine g(7).
-6
Let v(w) = 11*w - 261. Determine v(22).
-19
Let j(q) = q**2 - 11*q - 3. Give j(12).
9
Let t(p) = -7*p**3 + p**2 - 1. Determine t(-1).
7
Let t(x) = -x**2 - 1. Calculate t(-2).
-5
Let t(s) = 2*s - 17. What is t(14)?
11
Let w(m) = -2*m**2 - 42*m + 465. What is w(8)?
1
Let u(y) = 4*y**3 - 47*y**2 + 31*y + 24. Determine u(11).
2
Let r(t) = t**3 + 5*t**2 - 4*t - 26. Determine r(-4).
6
Let a(n) = 6*n. What is a(-2)?
-12
Let g(w) = -w**2 - 4*w. What is g(-2)?
4
Let q(n) = -30*n - 29. Determine q(-1).
1
Let z(h) = h**3 + 7*h**2 - 7*h + 9. Determine z(-8).
1
Let s(b) = -b**3 + 2*b**2 + 2*b + 60. Calculate s(0).
60
Let g(p) = 2*p**2 - 2*p - 1. Calculate g(-2).
11
Let w(a) = 6*a**2 - 21*a + 3. Calculate w(4).
15
Let k(q) = -q**2 - 4*q - 7. Calculate k(-7).
-28
Let y(d) = -d - 2. Determine y(-10).
8
Let f(x) = -22*x**2 + x. Calculate f(-1).
-23
Let x(p) = 2*p - 12. Calculate x(11).
10
Let o(s) = -7*s**2 + 9*s - 2. Calculate o(3).
-38
Let j(w) = -w**3 - 11*w**2 - 18*w - 34. Determine j(-9).
-34
Let f(b) = 2*b**3 - 2*b**2 + 6*b - 6. Calculate f(1).
0
Let w(y) = -3*y**2 + 4*y + 7. Give w(3).
-8
Let a(k) = k**2 - 5*k - 33. What is a(7)?
-19
Let w(o) = -o**2 + 9*o - 20. Determine w(6).
-2
Let n(m) = 8*m**2 + 2*m - 1. Calculate n(1).
9
Let m(t) = -5*t - 208. Give m(-45).
17
Let v(t) = 20*t - 6. Give v(-5).
-106
Let u(s) = -s**3 - 9*s**2 + 25*s + 38. Calculate u(-11).
5
Let d(z) = 17*z**2 - z + 1. What is d(1)?
17
Let w(a) = a**3 - 15*a**2 - a + 4. Calculate w(15).
-11
Let h(x) = x**2 - 8*x + 9. Determine h(6).
-3
Let f(y) = -y**2 - 8*y - 12. What is f(-9)?
-21
Let m(f) = -f**3 + 7*f**2 + 5*f - 19. Give m(7).
16
Let l(b) = b**3 - 10*b**2 + 17*b - 15. Determine l(8).
-7
Let n(z) = 2*z**3 + 20*z**2 - 2*z - 8. What is n(-10)?
12
Let o(u) = -7*u**2 + u + 14. Calculate o(-3).
-52
Let l(r) = -4*r + 71. Calculate l(18).
-1
Let x(v) = -2*v**2 + 9. What is x(0)?
9
Let d(w) = 6*w - 98. Calculate d(16).
-2
Let b(p) = 3*p - 2. Calculate b(1).
1
Let r(j) = -11*j - 153. Give r(-17).
34
Let g(j) = -j - 9. Determine g(-21).
12
Let u(k) = -k**3 + 9*k**2 + 2*k - 25. What is u(8)?
55
Let g(j) = 6*j - 4. Determine g(9).
50
Let f(s) = -s**3 + 6*s**2 - 2*s + 21. Give f(6).
9
Let s(y) = -y**3 + 7*y**2 + 2*y + 1. Determine s(8).
-47
Let k(r) = -4*r**2 - 7*r - 11. Calculate k(-5).
-76
Let l(g) = g**3 + 6*g**2 - 4*g - 27. Calculate l(-6).
-3
Let z(l) = l**3 + 4*l**2 - l + 2. Calculate z(-4).
6
Let q(o) = 10*o**2 - 6*o + 7. Determine q(2).
35
Let s(o) = -o**3 + o - 105. Calculate s(0).
-105
Let x(q) = 7*q**3 - q**2 + q + 2. Determine x(-2).
-60
Let t(b) = b + 41. Calculate t(-20).
21
Let g(r) = -4*r + 12. Give g(7).
-16
Let l(w) = 25*w + 457. Calculate l(-18).
7
Let m(v) = -6*v**2 + v - 1. Calculate m(1).
-6
Let r(d) = d**3 - 15*d**2 - 33*d - 5. Give r(17).
12
Let o(d) = -d - 4. Calculate o(-4).
0
Let l(y) = y**2 - 11*y - 9. Give l(10).
-19
Let n(r) = 5*r - 107. Calculate n(22).
3
Let p(f) = f**3 - 10*f**2 - 17*f + 85. Determine p(11).
19
Let x(a) = 39*a - 347. Give x(9).
4
Let z(x) = -x**2 - 22*x + 3. Give z(-22).
3
Let i(p) = p**3 - 7*p**2 + 7*p - 4. Give i(6).
2
Let t(y) = -22*y + 37. Give t(7).
-117
Let x(a) = a**3 + 9*a**2 - 10*a - 7. Determine x(-10).
-7
Let m(d) = -51*d - 516. Calculate m(-10).
-6
Let h(x) = -x**3 - 4*x**2 + 2*x + 6. Calculate h(-4).
-2
Let r(a) = a**3 + 6*a**2 + 3*a + 5. Determine r(-6).
-13
Let j(a) = a**3 + 24*a**2 + 45*a + 27. Calculate j(-22).
5
Let v(d) = -d**3 - 6*d**2 - 3*d + 4. What is v(-4)?
-16
Let o(t) = 25*t**2 + 4*t + 3. Give o(-2).
95
Let k(q) = -3*q**3 + 2*q**2 - q + 6. Determine k(-3).
108
Let y(v) = -v - 7. What is y(-5)?
-2
Let y(b) = b**2 + 24*b - 71. Determine y(-27).
10
Let d(x) = 2*x**2 - 10*x - 10. Determine d(8).
38
Let a(c) = -c**3 - 13*c**2 + 30*c. Give a(-15).
0
Let v(y) = y**2 + 3*y + 2. Give v(-1).
0
Let h(w) = w**2 - 11*w + 2. What is h(7)?
-26
Let x(s) = -s**2 - 17*s - 7. Give x(-11).
59
Let b(k) = -6*k**2 + 12*k + 2. Give b(3).
-16
Let u(z) = z**2 - 12*z - 18. Determine u(8).
-50
Let f(n) = -n**3 - 3*n**2 + 2*n + 7. Calculate f(-5).
47
Let h(k) = -k**3 + 16*k**2 - 19*k - 9. Calculate h(15).
-69
Let z(m) = m**3 + 3*m**2 + 2*m - 4. Determine z(3).
56
Let j(n) = 3*n + 35. Determine j(-7).
14
Let l(o) = -43*o - 78. Determine l(-2).
8
Let k(n) = -n**2 - n + 17. What is k(-5)?
-3
Let a(u) = 2*u**2 + 124*u + 122. Determine a(-61).
0
Let k(i) = -7*i**2 - 4*i + 1. Give k(-4).
-95
Let x(h) = h**3 + 8*h**2 + 4*h - 16. Calculate x(-7).
5
Let g(z) = 4*z - 7. Calculate g(2).
1
Let u(s) = 2*s**3 + 10*s**2 + 8*s + 9. What is u(-6)?
-111
Let q(c) = -c**2 + 13*c - 1. Give q(14).
-15
Let f(a) = -2*a**2 - 6*a - 5. Give f(-5).
-25
Let g(s) = s**3 - 11*s**2 + s - 15. What is g(11)?
-4
Let r(f) = -f**2 - 2*f + 9. Calculate r(-4).
1
Let u(j) = -6*j + 46. Determine u(5).
16
Let k(t) = 27*t**2. Calculate k(1).
27
Let o(l) = -l**3 - 10*l**2 - 21*l - 12. What is o(-8)?
28
Let q(b) = -b**3 - 6*b**2 + 9*b + 2. Give q(-7).
-12
Let y(q) = 4*q**2 - 5*q - 8. Determine y(-4).
76
Let w(d) = 46*d**3 - d**2 + 2. What is w(-1)?
-45
Let u(k) = 2*k - 5. Determine u(3).
1
Let f(w) = -w**3 + 9*w**2 - 25*w + 73. Determine f(7).
-4
Let w(y) = -y**3 - 12*y**2 - 21*y + 3. Give w(-10).
13
Let i(j) = 2*j**3 - 1. Give i(-2).
-17
Let i(l) = -l - 17. Determine i(-9).
-8
Let i(s) = -2*s**2 - s - 13. Determine i(0).
-13
Let x(g) = g**3 + 2*g**2 - g + 1. Determine x(-2).
3
Let p(i) = i + 4. What is p(6)?
10
Let a(z) = -z**2 + 8*z + 32. Calculate a(11).
-1
Let r(m) = 44*m - 52. Determine r(3).
80
Let z(d) = -2*d**2 - 5*d + 15. Determine z(-5).
-10
Let r(z) = 21*z - 7. Determine r(-3).
-70
Let n(l) = -l**3 + 2*l - 4. Calculate n(0).
-4
Let l(r) = -r - 2. What is l(-3)?
1
Let f(r) = -r**2 + 10*r - 4. Calculate f(8).
12
Let m(g) = g**2 + 24*g - 46. Determine m(-26).
6
Let w(l) = l**3 + 7*l**2 - 6*l - 36. Determine w(-7).
6
Let f(j) = j**2 - 14*j - 4. Calculate f(16).
28
Let c(i) = -i**3 + 45*i**2 + 2*i - 89. Give c(45).
1
Let o(s) = -2*s + 12. What is o(0)?
12
Let w(f) = 12*f**3 + 3*f**2 - 2. Determine w(-1).
-11
Let s(i) = -i**2 + 26*i - 134. Determine s(8).
10
Let d(z) = 2*z**3 + 36*z**2 - 6*z - 121. Determine d(-18).
-13
Let w(f) = f**2 + 59*f + 833. What is w(-36)?
5
Let w(g) = g**2 + 8*g + 7. Determine w(-6).
-5
Let o(k) = -k**3 + 7*k**2 + 8*k - 2. Calculate o(8).
-2
Let a(f) = -f**2 - 12*f + 35. Determine a(-15).
-10
Let t(h) = h - 25. Calculate t(4).
-21
Let g(m) = m**3 - 11*m**2 + 8*m + 8. Determine g(10).
-12
Let l(u) = 13*u**2 + 21*u + 22. Determine l(-1).
14
Let y(w) = -2*w - 9. Calculate y(6).
-21
Let f(n) = -3*n**2 - 49*n - 7. What is f(-16)?
9
Let b(x) = 19*x - 4. Calculate b(-2).
-42
Let k(u) = 35*u + 5. What is k(-2)?
-65
Let b(x) = -x**2 + 8*x - 1. What is b(9)?
-10
Let b(t) = t**3 + 10*t**2 - 21*t + 8. What is b(-12)?
-28
Let n(r) = -r**2 - 8*r + 4. Determine n(-9).
-5
Let s(q) = -55*q + 217. Determine s(4).
-3
Let d(l) = 4*l**2 + l + 131. Determine d(0).
131
Let w(c) = 203*c - 1613. Give w(8).
11
Let t(m) = 3*m**3 + 21*m**2 - 27*m - 12. Determine t(-8).
12
Let j(a) = -a**2 - 11*a - 20. Give j(-9).
-2
Let f(z) = -z**2 + 3*z + 6. Give f(6).
-12
Let j(q) = q**3 - 6*q**2 - 4*q + 8. What is j(7)?
29
Let t(r) = 29*r**2 - r - 1. Give t(-1).
29
Let u(w) = w**3 + 14*w**2 + 22*w - 34. What is u(-12)?
-10
Let u(h) = h**2 + 6*h - 23. Determine u(-8).
-7
Let n(k) = -k**3 + 15*k**2 + 17*k. Calculate n(16).
16
Let w(g) = 31*g**3 + 3*g + 2. Calculate w(-1).
-32
Let o(v) = -v - 19. Give o(-12).
-7
Let d(o) = -4*o**2 - 30*o + 9. Calculate d(-8).
-7
Let z(j) = -j**2 - 5*j + 41. Determine z(-9).
5
Let b(z) = -z - 16. Determine b(-11).
-5
Let p(y) = -y**3 + 8*y**2 - 7. What is p(7)?
42
Let u(c) = c**3 - 9*c**2 - 33*c